z*m. Let j = -7 + x. What is the units digit of j?
6
Let z = -116 - -265. What is the hundreds digit of z?
1
Suppose -b = 6*b - 693. What is the units digit of b?
9
Let y(i) = i**2 - 7*i + 3. Let k be y(7). Suppose v + 5*m - 35 = 0, 2*m - 56 = -4*v + k*m. Suppose 0 = 2*z + 3*z - v. What is the units digit of z?
3
Suppose 0*y + 28 = 2*y. Suppose -b = b - o - 22, 2*b - y = 5*o. Suppose -s + 6 = 3*n - 2*n, 0 = -2*n + s + b. What is the units digit of n?
6
Suppose -48 = -4*m - 4*a, m - 2*a - 15 = 3. What is the units digit of m?
4
Suppose -494 = -5*f - 3*n - 32, -3*f + 266 = -n. What is the tens digit of f?
9
Suppose 24*o - 3275 = 5653. What is the units digit of o?
2
Let o(y) be the first derivative of -y**4/4 + 2*y**3 + y**2 + 6*y + 7. What is the tens digit of o(6)?
1
Let n(o) = -o + 5*o**2 + 10*o**2 + 0*o**2. What is the units digit of n(1)?
4
Suppose 0 = -3*s + 17 + 4. Suppose -s = -2*z + 11. What is the units digit of z?
9
Suppose 0 = -5*k + 3*o + 10, -5*o + 1 = -5*k + 11. Suppose q - k*q = -1. What is the units digit of q?
1
Let n(p) = -5*p - 3. What is the units digit of n(-2)?
7
What is the units digit of 4/(-14) - (296/14)/(-4)?
5
Let n(j) = -30*j**3 + 8*j**2 + 10 + 29*j**3 + 3*j**2 - 8*j. What is the tens digit of n(10)?
3
Suppose z = 2*h + 49, 3*z + 4*h - 127 = -0*z. What is the units digit of z?
5
Let c = -44 - -76. What is the tens digit of c?
3
Let n be (-4)/(67/23 + -3). Suppose 4*o + 66 = 4*u + o, 5*o - n = -2*u. What is the tens digit of u?
1
Let z be ((-10)/6)/(1/(-3)). What is the units digit of -4 + 5/(z/19)?
5
Suppose -o + 5*s + 10 = 2*o, 5*o - 2*s - 42 = 0. What is the units digit of o/6 - (-10)/(-15)?
1
Suppose 3*w - 9 = -0. Let s = -27 - -39. Let v = s - w. What is the units digit of v?
9
Let z = 361 - 148. What is the hundreds digit of z?
2
What is the units digit of (54/(-24))/(6/(-160))?
0
Let i(f) be the second derivative of -4*f**3/3 - f**2/2 - 2*f. What is the units digit of i(-2)?
5
Let g be -8 + 6 - 32/(-2). Suppose -90 = -19*a + g*a. What is the tens digit of a?
1
Let v be 1*(-3)/(3/14). What is the units digit of (-234)/v - (-2)/7?
7
Suppose 4 + 1 = -5*p. Let m be (0 - (0 - p)) + 1. Suppose -y + 2 = 0, 4*t + 4*y = -m*t + 44. What is the units digit of t?
9
Let l be 3 + -24 + 2/2. Suppose -n + 0 = 4, -2*n + 62 = 2*c. Let r = l + c. What is the tens digit of r?
1
What is the units digit of (-2)/(-4) - 6/(-4)?
2
Let v(i) = i**2 + 10*i + 2. Let a be v(-10). Suppose 4*j - 52 = -a*q, 3*q - 148 = -q + 3*j. What is the tens digit of q?
3
Let k(b) = 3*b**2 - 5*b - 2. Let w be k(-3). Let q be (2 - 2 - 4) + -2. What is the units digit of q/(-5)*w/6?
8
Suppose 0*p = -2*p - 2. Let x be (7 - (-2)/(-2))*p. Let l(b) = -2*b - 2. What is the units digit of l(x)?
0
Let k(z) = z**3 + 7*z**2 - 8*z + 10. What is the units digit of k(-7)?
6
Suppose -56 = -5*w - 0*s + 3*s, -4*w = -s - 42. What is the units digit of w?
0
What is the units digit of 2*(-4)/(-8)*18?
8
Let g be 4/(-3) - 2/(-6). Let o(q) = -38*q**2 + 14*q - 8. Let i(s) = -13*s**2 + 5*s - 3. Let j(b) = 11*i(b) - 4*o(b). What is the units digit of j(g)?
9
Suppose -12*x + 16*x - 320 = 0. What is the units digit of x?
0
Suppose -11 = -5*x + 14. Suppose 3*q = 2*f + 55, x*f = 5*q - 2*q - 70. What is the units digit of q?
5
Suppose 0 = -j + 2*j - 4. Suppose 162 = 5*p - i, 5*p - 21 = 4*p + j*i. What is the units digit of p?
3
Let j(g) = 17*g + 2. Let w be j(-3). Let b = w + 98. What is the tens digit of b?
4
Suppose -5*r + 129 = -21. What is the units digit of r?
0
Let d be (0 - 6/15)*20. Let o(i) = i**3 + 7*i**2 - 7*i + 11. Let w be o(d). Suppose w*f = 4*l + 15, 4*l = 7 + 5. What is the units digit of f?
9
Let j(c) = -c**2 - 10*c - 2. Let r be j(-10). Let d = r - -7. Let i = -2 + d. What is the units digit of i?
3
Let i(c) = -7*c - 1. Let d be i(1). What is the tens digit of (-6)/d - 774/(-24)?
3
Let h = -3 + -70. Let n = -38 - h. What is the tens digit of n?
3
Let q(c) = 5*c - 7. Let s be (-4 - (-2 - 13)) + -4. What is the tens digit of q(s)?
2
Suppose 4*q + 22 = -5*n + 2*q, 3*n = q - 22. Let j = 7 + n. Suppose 4*t - 9 = -j. What is the units digit of t?
2
Let a(i) = -4*i - 6. Let m be a(-4). Suppose -2*k + m = 0, -x + k = 2*k - 6. What is the units digit of x?
1
What is the tens digit of 20/5 + 86*1?
9
Suppose -5*a + 5*y + 695 = 0, a - 176 = -4*y - 17. What is the units digit of a?
3
Suppose -3*x = -5*y - 34, 3*y + 64 - 18 = 5*x. What is the units digit of x?
8
Suppose -27 - 15 = -u. Suppose 13*f - u = 10*f. What is the tens digit of f?
1
Let v = -95 + 253. What is the hundreds digit of v?
1
Suppose 5*b = -138 + 328. What is the tens digit of b?
3
Let m(p) be the third derivative of p**6/120 - 11*p**5/60 + 11*p**4/24 + 2*p**3/3 - 2*p**2. What is the tens digit of m(10)?
1
Let b(y) = -2*y**3 - 4*y**2 + y + 1. Let v be b(-3). Let a be (v/2 - -1) + -2. Suppose 3*g - 11 = a. What is the units digit of g?
6
Let i(u) = u**3 + 5*u**2 - 7*u - 6. Let d be i(-6). Let q be d - (2 + -3)*3. What is the units digit of -1*q/(-3) + 6?
7
Suppose 4*u + 1 = 2*t + 5, 2*t = -u + 6. What is the units digit of t?
2
Suppose 13 = 5*u - 12. Suppose j - u*y - 106 = -3*j, 3*y = 4*j - 110. Suppose 17 = d - 2*t, -5*t - j = -3*d + 24. What is the tens digit of d?
2
Let i = 9 + -5. Suppose -4*m + 3*m = -i. Suppose c = m*c - 3. What is the units digit of c?
1
Let l be (-10)/4*44/(-10). Let o = 23 - l. What is the tens digit of o?
1
Suppose 0 = -2*j + 41 + 57. What is the tens digit of j?
4
Suppose 172 + 96 = 4*j. What is the tens digit of j?
6
Let d(m) = m**2 + 3*m - 2. Let c(x) = x**2 + 3*x - 1. Let r(y) = -3*c(y) + 2*d(y). What is the units digit of r(-2)?
1
Suppose 7*t - 15 = 2*t. Suppose -2*n = t*n. What is the units digit of -2 - ((-1 - 2) + n)?
1
Suppose 636 = 8*j - 924. What is the hundreds digit of j?
1
Let d(y) = -y**2 + 12*y + 6. Let f be d(9). Suppose -5*q - 66 = -2*z, z + f = 2*z + 4*q. What is the tens digit of z?
3
Let j = 15 + -26. Let c = -6 - j. Suppose c*b - h - 5 = 4*h, 5*b - 3*h = 5. What is the units digit of b?
1
Suppose -x + 8 + 2 = 0. Let s(a) = -a**3 + 10*a**2 + a + 8. What is the tens digit of s(x)?
1
Suppose -3*b = 3*p + 6 + 3, -2*p = -3*b + 6. Let k = p + 3. Suppose k = -m - 3*s + 2, -6 - 6 = 3*s. What is the units digit of m?
4
Let d(o) = o**2 - 10*o + 8. Let b be d(7). What is the units digit of 3*(-3 + b/(-3))?
4
Let g(w) = 9*w - 19. What is the tens digit of g(6)?
3
Let n = -66 + 83. What is the units digit of n?
7
What is the tens digit of 13/1 + (-9 - -11)?
1
Suppose h = -h + 28. Suppose 0*o = 2*o + h. Let m(q) = q**2 + 6*q - 5. What is the units digit of m(o)?
2
Let y = 30 + -22. Suppose 2*i = 3*i - 2. Let k = y + i. What is the tens digit of k?
1
Let p be 4/18 - (-4)/(-18). Suppose 2*l = 14 - p. Suppose l*z - 4*z - 18 = 0. What is the units digit of z?
6
Let y(o) = -o**3 + 4*o**2 + 6*o - 2. Let m be y(5). Let c = m + 12. What is the units digit of c?
5
Suppose 25 = 5*m - 0*m. Let t(g) = 7*g**2 + m - 5 + g. What is the units digit of t(1)?
8
Let b = 0 + -1. Let t be (b + -2)*16/(-6). Suppose 4*j + t = 40. What is the units digit of j?
8
Suppose 0 = 4*s - 0*s - 324. Let p = s - 45. What is the units digit of p?
6
Suppose 0 = 7*y - 159 - 380. What is the tens digit of y?
7
Let p = -91 + 93. Suppose -111 = -3*n + 3*o, -4*n - 6*o + 178 = -4*o. Suppose -p*y = y - n. What is the units digit of y?
4
Suppose 5*n - 119 = 126. What is the tens digit of n?
4
Let u(v) = 9*v + 4. Let c be u(-5). What is the tens digit of (-3 - 0) + 3 - c?
4
Let o(y) = 1 + 6*y - 1 - 2*y + 3 - y**2. Let q be o(4). Suppose -59 = -q*w - 5*h, -h + 2*h - 4 = 0. What is the tens digit of w?
1
Let q = 58 + 59. What is the hundreds digit of q?
1
Suppose -4*p - 4*v + 284 + 440 = 0, 5*v = 3*p - 527. What is the tens digit of p?
7
Suppose 5*w + 32 = q, -7*q - 5*w - 66 = -10*q. What is the tens digit of q?
1
Suppose 39 + 15 = 2*w. Let r = w - 10. What is the tens digit of r?
1
Let i(z) = -z**2 - 20*z - 33. What is the tens digit of i(-15)?
4
Let k be (-28)/(-6) + 1/3. Suppose -k*t = -20 - 0. What is the units digit of t?
4
Suppose -2*k + 2*a = 2*k - 326, -a + 173 = 2*k. What is the units digit of k?
4
Let j = 324 - 219. What is the units digit of j?
5
Let v(g) = 6*g**2 + 13*g + 6. What is the units digit of v(-4)?
0